{"id":64,"date":"2021-12-21T19:49:54","date_gmt":"2021-12-21T18:49:54","guid":{"rendered":"https:\/\/gruene-eichstaett.de\/hepberg\/?page_id=64"},"modified":"2022-03-30T10:23:32","modified_gmt":"2022-03-30T08:23:32","slug":"gemeinderat","status":"publish","type":"page","link":"https:\/\/gruene-eichstaett.de\/hepberg\/gemeinderat\/","title":{"rendered":"Gemeinderat"},"content":{"rendered":"\n<div style=\"height:100px\" aria-hidden=\"true\" class=\"wp-block-spacer\"><\/div>\n\n\n\n<div class=\"wp-block-columns is-layout-flex wp-container-core-columns-is-layout-9d6595d7 wp-block-columns-is-layout-flex\">\n<div class=\"wp-block-column is-layout-flow wp-block-column-is-layout-flow\">\n<figure class=\"wp-block-image size-full is-style-rounded\"><img loading=\"lazy\" decoding=\"async\" width=\"683\" height=\"683\" src=\"https:\/\/gruene-eichstaett.de\/hepberg\/wp-content\/uploads\/sites\/5\/2022\/03\/nicolelorenz.jpg\" alt=\"\" class=\"wp-image-95\" srcset=\"https:\/\/gruene-eichstaett.de\/hepberg\/wp-content\/uploads\/sites\/5\/2022\/03\/nicolelorenz.jpg 683w, https:\/\/gruene-eichstaett.de\/hepberg\/wp-content\/uploads\/sites\/5\/2022\/03\/nicolelorenz-300x300.jpg 300w, https:\/\/gruene-eichstaett.de\/hepberg\/wp-content\/uploads\/sites\/5\/2022\/03\/nicolelorenz-150x150.jpg 150w\" sizes=\"auto, (max-width: 683px) 100vw, 683px\" \/><\/figure>\n<\/div>\n\n\n\n<div class=\"wp-block-column is-vertically-aligned-center is-layout-flow wp-block-column-is-layout-flow\">\n<h3 class=\"wp-block-heading\">Nicole Lorenz<\/h3>\n\n\n\n<p>Gemeinder\u00e4tin in Hepberg<\/p>\n<\/div>\n\n\n\n<div class=\"wp-block-column is-vertically-aligned-center is-layout-flow wp-block-column-is-layout-flow\">\n<p><meta charset=\"utf-8\">Ich bin f\u00fcr Sie in folgenden Gremien und Aussch\u00fcssen t\u00e4tig:<\/p>\n\n\n\n<ul class=\"wp-block-list\"><li>Inklusionsbeauftragte<\/li><li>Kindergartenausschuss<\/li><li>stv. Mitglied im Rechnungspr\u00fcfungsausschuss<\/li><\/ul>\n<\/div>\n<\/div>\n\n\n\n<div style=\"height:100px\" aria-hidden=\"true\" class=\"wp-block-spacer\"><\/div>\n","protected":false},"excerpt":{"rendered":"<p>Nicole Lorenz Gemeinder\u00e4tin in Hepberg Ich bin f\u00fcr Sie in folgenden Gremien und Aussch\u00fcssen t\u00e4tig: Inklusionsbeauftragte Kindergartenausschuss stv. Mitglied im Rechnungspr\u00fcfungsausschuss<\/p>\n","protected":false},"author":2,"featured_media":0,"parent":0,"menu_order":0,"comment_status":"closed","ping_status":"closed","template":"","meta":{"footnotes":""},"class_list":["post-64","page","type-page","status-publish","hentry"],"yoast_head":"<!-- This site is optimized with the Yoast SEO plugin v27.4 - https:\/\/yoast.com\/product\/yoast-seo-wordpress\/ -->\n<title>Gemeinderat - B\u00dcNDNIS 90\/DIE GR\u00dcNEN<\/title>\n<meta name=\"robots\" content=\"index, follow, max-snippet:-1, max-image-preview:large, max-video-preview:-1\" \/>\n<link rel=\"canonical\" href=\"https:\/\/gruene-eichstaett.de\/hepberg\/gemeinderat\/\" \/>\n<meta property=\"og:locale\" content=\"de_DE\" \/>\n<meta property=\"og:type\" content=\"article\" \/>\n<meta property=\"og:title\" content=\"Gemeinderat - B\u00dcNDNIS 90\/DIE GR\u00dcNEN\" \/>\n<meta property=\"og:description\" content=\"Nicole Lorenz Gemeinder\u00e4tin in Hepberg Ich bin f\u00fcr Sie in folgenden Gremien und Aussch\u00fcssen t\u00e4tig: Inklusionsbeauftragte Kindergartenausschuss stv. Mitglied im Rechnungspr\u00fcfungsausschuss\" \/>\n<meta property=\"og:url\" content=\"https:\/\/gruene-eichstaett.de\/hepberg\/gemeinderat\/\" \/>\n<meta property=\"og:site_name\" content=\"B\u00dcNDNIS 90\/DIE GR\u00dcNEN\" \/>\n<meta property=\"article:modified_time\" content=\"2022-03-30T08:23:32+00:00\" \/>\n<meta property=\"og:image\" content=\"https:\/\/gruene-eichstaett.de\/hepberg\/wp-content\/uploads\/sites\/5\/2022\/03\/nicolelorenz.jpg\" \/>\n<meta name=\"twitter:card\" content=\"summary_large_image\" \/>\n<meta name=\"twitter:label1\" content=\"Gesch\u00e4tzte Lesezeit\" \/>\n\t<meta name=\"twitter:data1\" content=\"1\u00a0Minute\" \/>\n<script type=\"application\/ld+json\" class=\"yoast-schema-graph\">{\"@context\":\"https:\\\/\\\/schema.org\",\"@graph\":[{\"@type\":\"WebPage\",\"@id\":\"https:\\\/\\\/gruene-eichstaett.de\\\/hepberg\\\/gemeinderat\\\/\",\"url\":\"https:\\\/\\\/gruene-eichstaett.de\\\/hepberg\\\/gemeinderat\\\/\",\"name\":\"Gemeinderat - B\u00dcNDNIS 90\\\/DIE GR\u00dcNEN\",\"isPartOf\":{\"@id\":\"https:\\\/\\\/gruene-eichstaett.de\\\/hepberg\\\/#website\"},\"primaryImageOfPage\":{\"@id\":\"https:\\\/\\\/gruene-eichstaett.de\\\/hepberg\\\/gemeinderat\\\/#primaryimage\"},\"image\":{\"@id\":\"https:\\\/\\\/gruene-eichstaett.de\\\/hepberg\\\/gemeinderat\\\/#primaryimage\"},\"thumbnailUrl\":\"https:\\\/\\\/gruene-eichstaett.de\\\/hepberg\\\/wp-content\\\/uploads\\\/sites\\\/5\\\/2022\\\/03\\\/nicolelorenz.jpg\",\"datePublished\":\"2021-12-21T18:49:54+00:00\",\"dateModified\":\"2022-03-30T08:23:32+00:00\",\"breadcrumb\":{\"@id\":\"https:\\\/\\\/gruene-eichstaett.de\\\/hepberg\\\/gemeinderat\\\/#breadcrumb\"},\"inLanguage\":\"de\",\"potentialAction\":[{\"@type\":\"ReadAction\",\"target\":[\"https:\\\/\\\/gruene-eichstaett.de\\\/hepberg\\\/gemeinderat\\\/\"]}]},{\"@type\":\"ImageObject\",\"inLanguage\":\"de\",\"@id\":\"https:\\\/\\\/gruene-eichstaett.de\\\/hepberg\\\/gemeinderat\\\/#primaryimage\",\"url\":\"https:\\\/\\\/gruene-eichstaett.de\\\/hepberg\\\/wp-content\\\/uploads\\\/sites\\\/5\\\/2022\\\/03\\\/nicolelorenz.jpg\",\"contentUrl\":\"https:\\\/\\\/gruene-eichstaett.de\\\/hepberg\\\/wp-content\\\/uploads\\\/sites\\\/5\\\/2022\\\/03\\\/nicolelorenz.jpg\",\"width\":683,\"height\":683},{\"@type\":\"BreadcrumbList\",\"@id\":\"https:\\\/\\\/gruene-eichstaett.de\\\/hepberg\\\/gemeinderat\\\/#breadcrumb\",\"itemListElement\":[{\"@type\":\"ListItem\",\"position\":1,\"name\":\"Startseite\",\"item\":\"https:\\\/\\\/gruene-eichstaett.de\\\/hepberg\\\/\"},{\"@type\":\"ListItem\",\"position\":2,\"name\":\"Gemeinderat\"}]},{\"@type\":\"WebSite\",\"@id\":\"https:\\\/\\\/gruene-eichstaett.de\\\/hepberg\\\/#website\",\"url\":\"https:\\\/\\\/gruene-eichstaett.de\\\/hepberg\\\/\",\"name\":\"B\u00dcNDNIS 90\\\/DIE GR\u00dcNEN\",\"description\":\"in der Gemeinde Hepberg\",\"publisher\":{\"@id\":\"https:\\\/\\\/gruene-eichstaett.de\\\/hepberg\\\/#organization\"},\"potentialAction\":[{\"@type\":\"SearchAction\",\"target\":{\"@type\":\"EntryPoint\",\"urlTemplate\":\"https:\\\/\\\/gruene-eichstaett.de\\\/hepberg\\\/?s={search_term_string}\"},\"query-input\":{\"@type\":\"PropertyValueSpecification\",\"valueRequired\":true,\"valueName\":\"search_term_string\"}}],\"inLanguage\":\"de\"},{\"@type\":\"Organization\",\"@id\":\"https:\\\/\\\/gruene-eichstaett.de\\\/hepberg\\\/#organization\",\"name\":\"B\u00dcNDNIS 90\\\/DIE GR\u00dcNEN\",\"url\":\"https:\\\/\\\/gruene-eichstaett.de\\\/hepberg\\\/\",\"logo\":{\"@type\":\"ImageObject\",\"inLanguage\":\"de\",\"@id\":\"https:\\\/\\\/gruene-eichstaett.de\\\/hepberg\\\/#\\\/schema\\\/logo\\\/image\\\/\",\"url\":\"https:\\\/\\\/gruene-eichstaett.de\\\/hepberg\\\/wp-content\\\/uploads\\\/sites\\\/5\\\/2021\\\/12\\\/Profilbild-Sonenblume.png\",\"contentUrl\":\"https:\\\/\\\/gruene-eichstaett.de\\\/hepberg\\\/wp-content\\\/uploads\\\/sites\\\/5\\\/2021\\\/12\\\/Profilbild-Sonenblume.png\",\"width\":500,\"height\":500,\"caption\":\"B\u00dcNDNIS 90\\\/DIE GR\u00dcNEN\"},\"image\":{\"@id\":\"https:\\\/\\\/gruene-eichstaett.de\\\/hepberg\\\/#\\\/schema\\\/logo\\\/image\\\/\"}}]}<\/script>\n<!-- \/ Yoast SEO plugin. -->","yoast_head_json":{"title":"Gemeinderat - B\u00dcNDNIS 90\/DIE GR\u00dcNEN","robots":{"index":"index","follow":"follow","max-snippet":"max-snippet:-1","max-image-preview":"max-image-preview:large","max-video-preview":"max-video-preview:-1"},"canonical":"https:\/\/gruene-eichstaett.de\/hepberg\/gemeinderat\/","og_locale":"de_DE","og_type":"article","og_title":"Gemeinderat - B\u00dcNDNIS 90\/DIE GR\u00dcNEN","og_description":"Nicole Lorenz Gemeinder\u00e4tin in Hepberg Ich bin f\u00fcr Sie in folgenden Gremien und Aussch\u00fcssen t\u00e4tig: Inklusionsbeauftragte Kindergartenausschuss stv. Mitglied im Rechnungspr\u00fcfungsausschuss","og_url":"https:\/\/gruene-eichstaett.de\/hepberg\/gemeinderat\/","og_site_name":"B\u00dcNDNIS 90\/DIE GR\u00dcNEN","article_modified_time":"2022-03-30T08:23:32+00:00","og_image":[{"url":"https:\/\/gruene-eichstaett.de\/hepberg\/wp-content\/uploads\/sites\/5\/2022\/03\/nicolelorenz.jpg","type":"","width":"","height":""}],"twitter_card":"summary_large_image","twitter_misc":{"Gesch\u00e4tzte Lesezeit":"1\u00a0Minute"},"schema":{"@context":"https:\/\/schema.org","@graph":[{"@type":"WebPage","@id":"https:\/\/gruene-eichstaett.de\/hepberg\/gemeinderat\/","url":"https:\/\/gruene-eichstaett.de\/hepberg\/gemeinderat\/","name":"Gemeinderat - B\u00dcNDNIS 90\/DIE GR\u00dcNEN","isPartOf":{"@id":"https:\/\/gruene-eichstaett.de\/hepberg\/#website"},"primaryImageOfPage":{"@id":"https:\/\/gruene-eichstaett.de\/hepberg\/gemeinderat\/#primaryimage"},"image":{"@id":"https:\/\/gruene-eichstaett.de\/hepberg\/gemeinderat\/#primaryimage"},"thumbnailUrl":"https:\/\/gruene-eichstaett.de\/hepberg\/wp-content\/uploads\/sites\/5\/2022\/03\/nicolelorenz.jpg","datePublished":"2021-12-21T18:49:54+00:00","dateModified":"2022-03-30T08:23:32+00:00","breadcrumb":{"@id":"https:\/\/gruene-eichstaett.de\/hepberg\/gemeinderat\/#breadcrumb"},"inLanguage":"de","potentialAction":[{"@type":"ReadAction","target":["https:\/\/gruene-eichstaett.de\/hepberg\/gemeinderat\/"]}]},{"@type":"ImageObject","inLanguage":"de","@id":"https:\/\/gruene-eichstaett.de\/hepberg\/gemeinderat\/#primaryimage","url":"https:\/\/gruene-eichstaett.de\/hepberg\/wp-content\/uploads\/sites\/5\/2022\/03\/nicolelorenz.jpg","contentUrl":"https:\/\/gruene-eichstaett.de\/hepberg\/wp-content\/uploads\/sites\/5\/2022\/03\/nicolelorenz.jpg","width":683,"height":683},{"@type":"BreadcrumbList","@id":"https:\/\/gruene-eichstaett.de\/hepberg\/gemeinderat\/#breadcrumb","itemListElement":[{"@type":"ListItem","position":1,"name":"Startseite","item":"https:\/\/gruene-eichstaett.de\/hepberg\/"},{"@type":"ListItem","position":2,"name":"Gemeinderat"}]},{"@type":"WebSite","@id":"https:\/\/gruene-eichstaett.de\/hepberg\/#website","url":"https:\/\/gruene-eichstaett.de\/hepberg\/","name":"B\u00dcNDNIS 90\/DIE GR\u00dcNEN","description":"in der Gemeinde Hepberg","publisher":{"@id":"https:\/\/gruene-eichstaett.de\/hepberg\/#organization"},"potentialAction":[{"@type":"SearchAction","target":{"@type":"EntryPoint","urlTemplate":"https:\/\/gruene-eichstaett.de\/hepberg\/?s={search_term_string}"},"query-input":{"@type":"PropertyValueSpecification","valueRequired":true,"valueName":"search_term_string"}}],"inLanguage":"de"},{"@type":"Organization","@id":"https:\/\/gruene-eichstaett.de\/hepberg\/#organization","name":"B\u00dcNDNIS 90\/DIE GR\u00dcNEN","url":"https:\/\/gruene-eichstaett.de\/hepberg\/","logo":{"@type":"ImageObject","inLanguage":"de","@id":"https:\/\/gruene-eichstaett.de\/hepberg\/#\/schema\/logo\/image\/","url":"https:\/\/gruene-eichstaett.de\/hepberg\/wp-content\/uploads\/sites\/5\/2021\/12\/Profilbild-Sonenblume.png","contentUrl":"https:\/\/gruene-eichstaett.de\/hepberg\/wp-content\/uploads\/sites\/5\/2021\/12\/Profilbild-Sonenblume.png","width":500,"height":500,"caption":"B\u00dcNDNIS 90\/DIE GR\u00dcNEN"},"image":{"@id":"https:\/\/gruene-eichstaett.de\/hepberg\/#\/schema\/logo\/image\/"}}]}},"_links":{"self":[{"href":"https:\/\/gruene-eichstaett.de\/hepberg\/wp-json\/wp\/v2\/pages\/64","targetHints":{"allow":["GET"]}}],"collection":[{"href":"https:\/\/gruene-eichstaett.de\/hepberg\/wp-json\/wp\/v2\/pages"}],"about":[{"href":"https:\/\/gruene-eichstaett.de\/hepberg\/wp-json\/wp\/v2\/types\/page"}],"author":[{"embeddable":true,"href":"https:\/\/gruene-eichstaett.de\/hepberg\/wp-json\/wp\/v2\/users\/2"}],"replies":[{"embeddable":true,"href":"https:\/\/gruene-eichstaett.de\/hepberg\/wp-json\/wp\/v2\/comments?post=64"}],"version-history":[{"count":8,"href":"https:\/\/gruene-eichstaett.de\/hepberg\/wp-json\/wp\/v2\/pages\/64\/revisions"}],"predecessor-version":[{"id":112,"href":"https:\/\/gruene-eichstaett.de\/hepberg\/wp-json\/wp\/v2\/pages\/64\/revisions\/112"}],"wp:attachment":[{"href":"https:\/\/gruene-eichstaett.de\/hepberg\/wp-json\/wp\/v2\/media?parent=64"}],"curies":[{"name":"wp","href":"https:\/\/api.w.org\/{rel}","templated":true}]}}

<div style="height:100px" aria-hidden="true" class="wp-block-spacer"></div>



<div class="wp-block-columns is-layout-flex wp-container-core-columns-is-layout-9d6595d7 wp-block-columns-is-layout-flex">
<div class="wp-block-column is-layout-flow wp-block-column-is-layout-flow">
<figure class="wp-block-image size-full is-style-rounded"><img loading="lazy" decoding="async" width="683" height="683" src="https://gruene-eichstaett.de/hepberg/wp-content/uploads/sites/5/2022/03/nicolelorenz.jpg" alt="" class="wp-image-95" srcset="https://gruene-eichstaett.de/hepberg/wp-content/uploads/sites/5/2022/03/nicolelorenz.jpg 683w, https://gruene-eichstaett.de/hepberg/wp-content/uploads/sites/5/2022/03/nicolelorenz-300x300.jpg 300w, https://gruene-eichstaett.de/hepberg/wp-content/uploads/sites/5/2022/03/nicolelorenz-150x150.jpg 150w" sizes="auto, (max-width: 683px) 100vw, 683px" /></figure>
</div>



<div class="wp-block-column is-vertically-aligned-center is-layout-flow wp-block-column-is-layout-flow">
<h3 class="wp-block-heading">Nicole Lorenz</h3>



<p>Gemeinderätin in Hepberg</p>
</div>



<div class="wp-block-column is-vertically-aligned-center is-layout-flow wp-block-column-is-layout-flow">
<p><meta charset="utf-8">Ich bin für Sie in folgenden Gremien und Ausschüssen tätig:</p>



<ul class="wp-block-list"><li>Inklusionsbeauftragte</li><li>Kindergartenausschuss</li><li>stv. Mitglied im Rechnungsprüfungsausschuss</li></ul>
</div>
</div>



<div style="height:100px" aria-hidden="true" class="wp-block-spacer"></div>

<p>Nicole Lorenz Gemeinderätin in Hepberg Ich bin für Sie in folgenden Gremien und Ausschüssen tätig: Inklusionsbeauftragte Kindergartenausschuss stv. Mitglied im Rechnungsprüfungsausschuss</p>

<!-- This site is optimized with the Yoast SEO plugin v27.4 - https://yoast.com/product/yoast-seo-wordpress/ -->
<title>Gemeinderat - BÜNDNIS 90/DIE GRÜNEN</title>
<meta name="robots" content="index, follow, max-snippet:-1, max-image-preview:large, max-video-preview:-1" />
<link rel="canonical" href="https://gruene-eichstaett.de/hepberg/gemeinderat/" />
<meta property="og:locale" content="de_DE" />
<meta property="og:type" content="article" />
<meta property="og:title" content="Gemeinderat - BÜNDNIS 90/DIE GRÜNEN" />
<meta property="og:description" content="Nicole Lorenz Gemeinderätin in Hepberg Ich bin für Sie in folgenden Gremien und Ausschüssen tätig: Inklusionsbeauftragte Kindergartenausschuss stv. Mitglied im Rechnungsprüfungsausschuss" />
<meta property="og:url" content="https://gruene-eichstaett.de/hepberg/gemeinderat/" />
<meta property="og:site_name" content="BÜNDNIS 90/DIE GRÜNEN" />
<meta property="article:modified_time" content="2022-03-30T08:23:32+00:00" />
<meta property="og:image" content="https://gruene-eichstaett.de/hepberg/wp-content/uploads/sites/5/2022/03/nicolelorenz.jpg" />
<meta name="twitter:card" content="summary_large_image" />
<meta name="twitter:label1" content="Geschätzte Lesezeit" />
	<meta name="twitter:data1" content="1 Minute" />
<script type="application/ld+json" class="yoast-schema-graph">{"@context":"https:\/\/schema.org","@graph":[{"@type":"WebPage","@id":"https:\/\/gruene-eichstaett.de\/hepberg\/gemeinderat\/","url":"https:\/\/gruene-eichstaett.de\/hepberg\/gemeinderat\/","name":"Gemeinderat - BÜNDNIS 90\/DIE GRÜNEN","isPartOf":{"@id":"https:\/\/gruene-eichstaett.de\/hepberg\/#website"},"primaryImageOfPage":{"@id":"https:\/\/gruene-eichstaett.de\/hepberg\/gemeinderat\/#primaryimage"},"image":{"@id":"https:\/\/gruene-eichstaett.de\/hepberg\/gemeinderat\/#primaryimage"},"thumbnailUrl":"https:\/\/gruene-eichstaett.de\/hepberg\/wp-content\/uploads\/sites\/5\/2022\/03\/nicolelorenz.jpg","datePublished":"2021-12-21T18:49:54+00:00","dateModified":"2022-03-30T08:23:32+00:00","breadcrumb":{"@id":"https:\/\/gruene-eichstaett.de\/hepberg\/gemeinderat\/#breadcrumb"},"inLanguage":"de","potentialAction":[{"@type":"ReadAction","target":["https:\/\/gruene-eichstaett.de\/hepberg\/gemeinderat\/"]}]},{"@type":"ImageObject","inLanguage":"de","@id":"https:\/\/gruene-eichstaett.de\/hepberg\/gemeinderat\/#primaryimage","url":"https:\/\/gruene-eichstaett.de\/hepberg\/wp-content\/uploads\/sites\/5\/2022\/03\/nicolelorenz.jpg","contentUrl":"https:\/\/gruene-eichstaett.de\/hepberg\/wp-content\/uploads\/sites\/5\/2022\/03\/nicolelorenz.jpg","width":683,"height":683},{"@type":"BreadcrumbList","@id":"https:\/\/gruene-eichstaett.de\/hepberg\/gemeinderat\/#breadcrumb","itemListElement":[{"@type":"ListItem","position":1,"name":"Startseite","item":"https:\/\/gruene-eichstaett.de\/hepberg\/"},{"@type":"ListItem","position":2,"name":"Gemeinderat"}]},{"@type":"WebSite","@id":"https:\/\/gruene-eichstaett.de\/hepberg\/#website","url":"https:\/\/gruene-eichstaett.de\/hepberg\/","name":"BÜNDNIS 90\/DIE GRÜNEN","description":"in der Gemeinde Hepberg","publisher":{"@id":"https:\/\/gruene-eichstaett.de\/hepberg\/#organization"},"potentialAction":[{"@type":"SearchAction","target":{"@type":"EntryPoint","urlTemplate":"https:\/\/gruene-eichstaett.de\/hepberg\/?s={search_term_string}"},"query-input":{"@type":"PropertyValueSpecification","valueRequired":true,"valueName":"search_term_string"}}],"inLanguage":"de"},{"@type":"Organization","@id":"https:\/\/gruene-eichstaett.de\/hepberg\/#organization","name":"BÜNDNIS 90\/DIE GRÜNEN","url":"https:\/\/gruene-eichstaett.de\/hepberg\/","logo":{"@type":"ImageObject","inLanguage":"de","@id":"https:\/\/gruene-eichstaett.de\/hepberg\/#\/schema\/logo\/image\/","url":"https:\/\/gruene-eichstaett.de\/hepberg\/wp-content\/uploads\/sites\/5\/2021\/12\/Profilbild-Sonenblume.png","contentUrl":"https:\/\/gruene-eichstaett.de\/hepberg\/wp-content\/uploads\/sites\/5\/2021\/12\/Profilbild-Sonenblume.png","width":500,"height":500,"caption":"BÜNDNIS 90\/DIE GRÜNEN"},"image":{"@id":"https:\/\/gruene-eichstaett.de\/hepberg\/#\/schema\/logo\/image\/"}}]}</script>
<!-- / Yoast SEO plugin. -->

Gemeinderat - BÜNDNIS 90/DIE GRÜNEN

Nicole Lorenz Gemeinderätin in Hepberg Ich bin für Sie in folgenden Gremien und Ausschüssen tätig: Inklusionsbeauftragte Kindergartenausschuss stv. Mitglied im Rechnungsprüfungsausschuss

BÜNDNIS 90/DIE GRÜNEN
