{"id":58,"date":"2022-02-14T16:53:25","date_gmt":"2022-02-14T15:53:25","guid":{"rendered":"https:\/\/gruene-eichstaett.de\/koesching\/?page_id=58"},"modified":"2025-01-07T15:07:15","modified_gmt":"2025-01-07T14:07:15","slug":"impressum","status":"publish","type":"page","link":"https:\/\/gruene-eichstaett.de\/koesching\/impressum\/","title":{"rendered":"Impressum"},"content":{"rendered":"\n<p><strong><em>B\u00dcNDNIS 90<\/em>\/DIE GR\u00dcNEN<\/strong><br>Ortsverband K\u00f6sching<br>Regionalgesch\u00e4ftsstelle<br>Taschenturmstr. 4<br>85049 Ingolstadt<\/p>\n\n\n\n<p>Telefon 0841 910078<br>E-Mail:&nbsp;<a href=\"#\" data-unscramble=\"ed.tteatshcie-eneurg@ofni\">info@gruene-eichstaett.de<\/a><\/p>\n\n\n\n<p>Vertretungsberechtigter Vorstand: Gisela Walter-Seth, Manfred Lindner<br>Inhaltlich Verantwortliche*r: Manfred Lindner<\/p>\n","protected":false},"excerpt":{"rendered":"<p>B\u00dcNDNIS 90\/DIE GR\u00dcNENOrtsverband K\u00f6schingRegionalgesch\u00e4ftsstelleTaschenturmstr. 485049 Ingolstadt Telefon 0841 910078E-Mail:&nbsp;info@gruene-eichstaett.de Vertretungsberechtigter Vorstand: Gisela Walter-Seth, Manfred LindnerInhaltlich Verantwortliche*r: Manfred Lindner<\/p>\n","protected":false},"author":4,"featured_media":0,"parent":0,"menu_order":0,"comment_status":"closed","ping_status":"closed","template":"","meta":{"footnotes":""},"class_list":["post-58","page","type-page","status-publish","hentry"],"yoast_head":"<!-- This site is optimized with the Yoast SEO plugin v27.4 - https:\/\/yoast.com\/product\/yoast-seo-wordpress\/ -->\n<title>Impressum - B\u00dcNDNIS 90\/DIE GR\u00dcNEN<\/title>\n<meta name=\"robots\" content=\"index, follow, max-snippet:-1, max-image-preview:large, max-video-preview:-1\" \/>\n<link rel=\"canonical\" href=\"https:\/\/gruene-eichstaett.de\/koesching\/impressum\/\" \/>\n<meta property=\"og:locale\" content=\"de_DE\" \/>\n<meta property=\"og:type\" content=\"article\" \/>\n<meta property=\"og:title\" content=\"Impressum - B\u00dcNDNIS 90\/DIE GR\u00dcNEN\" \/>\n<meta property=\"og:description\" content=\"B\u00dcNDNIS 90\/DIE GR\u00dcNENOrtsverband K\u00f6schingRegionalgesch\u00e4ftsstelleTaschenturmstr. 485049 Ingolstadt Telefon 0841 910078E-Mail:&nbsp;info@gruene-eichstaett.de Vertretungsberechtigter Vorstand: Gisela Walter-Seth, Manfred LindnerInhaltlich Verantwortliche*r: Manfred Lindner\" \/>\n<meta property=\"og:url\" content=\"https:\/\/gruene-eichstaett.de\/koesching\/impressum\/\" \/>\n<meta property=\"og:site_name\" content=\"B\u00dcNDNIS 90\/DIE GR\u00dcNEN\" \/>\n<meta property=\"article:modified_time\" content=\"2025-01-07T14:07:15+00:00\" \/>\n<meta name=\"twitter:card\" content=\"summary_large_image\" \/>\n<meta name=\"twitter:label1\" content=\"Gesch\u00e4tzte Lesezeit\" \/>\n\t<meta name=\"twitter:data1\" content=\"1\u00a0Minute\" \/>\n<script type=\"application\/ld+json\" class=\"yoast-schema-graph\">{\"@context\":\"https:\\\/\\\/schema.org\",\"@graph\":[{\"@type\":\"WebPage\",\"@id\":\"https:\\\/\\\/gruene-eichstaett.de\\\/koesching\\\/impressum\\\/\",\"url\":\"https:\\\/\\\/gruene-eichstaett.de\\\/koesching\\\/impressum\\\/\",\"name\":\"Impressum - B\u00dcNDNIS 90\\\/DIE GR\u00dcNEN\",\"isPartOf\":{\"@id\":\"https:\\\/\\\/gruene-eichstaett.de\\\/koesching\\\/#website\"},\"datePublished\":\"2022-02-14T15:53:25+00:00\",\"dateModified\":\"2025-01-07T14:07:15+00:00\",\"breadcrumb\":{\"@id\":\"https:\\\/\\\/gruene-eichstaett.de\\\/koesching\\\/impressum\\\/#breadcrumb\"},\"inLanguage\":\"de\",\"potentialAction\":[{\"@type\":\"ReadAction\",\"target\":[\"https:\\\/\\\/gruene-eichstaett.de\\\/koesching\\\/impressum\\\/\"]}]},{\"@type\":\"BreadcrumbList\",\"@id\":\"https:\\\/\\\/gruene-eichstaett.de\\\/koesching\\\/impressum\\\/#breadcrumb\",\"itemListElement\":[{\"@type\":\"ListItem\",\"position\":1,\"name\":\"Startseite\",\"item\":\"https:\\\/\\\/gruene-eichstaett.de\\\/koesching\\\/\"},{\"@type\":\"ListItem\",\"position\":2,\"name\":\"Impressum\"}]},{\"@type\":\"WebSite\",\"@id\":\"https:\\\/\\\/gruene-eichstaett.de\\\/koesching\\\/#website\",\"url\":\"https:\\\/\\\/gruene-eichstaett.de\\\/koesching\\\/\",\"name\":\"B\u00dcNDNIS 90\\\/DIE GR\u00dcNEN\",\"description\":\"in der Gemeinde K\u00f6sching\",\"publisher\":{\"@id\":\"https:\\\/\\\/gruene-eichstaett.de\\\/koesching\\\/#organization\"},\"potentialAction\":[{\"@type\":\"SearchAction\",\"target\":{\"@type\":\"EntryPoint\",\"urlTemplate\":\"https:\\\/\\\/gruene-eichstaett.de\\\/koesching\\\/?s={search_term_string}\"},\"query-input\":{\"@type\":\"PropertyValueSpecification\",\"valueRequired\":true,\"valueName\":\"search_term_string\"}}],\"inLanguage\":\"de\"},{\"@type\":\"Organization\",\"@id\":\"https:\\\/\\\/gruene-eichstaett.de\\\/koesching\\\/#organization\",\"name\":\"B\u00dcNDNIS 90\\\/DIE GR\u00dcNEN\",\"url\":\"https:\\\/\\\/gruene-eichstaett.de\\\/koesching\\\/\",\"logo\":{\"@type\":\"ImageObject\",\"inLanguage\":\"de\",\"@id\":\"https:\\\/\\\/gruene-eichstaett.de\\\/koesching\\\/#\\\/schema\\\/logo\\\/image\\\/\",\"url\":\"http:\\\/\\\/gruene-eichstaett.de\\\/koesching\\\/wp-content\\\/uploads\\\/sites\\\/6\\\/2021\\\/12\\\/Profilbild-Sonenblume.png\",\"contentUrl\":\"http:\\\/\\\/gruene-eichstaett.de\\\/koesching\\\/wp-content\\\/uploads\\\/sites\\\/6\\\/2021\\\/12\\\/Profilbild-Sonenblume.png\",\"width\":500,\"height\":500,\"caption\":\"B\u00dcNDNIS 90\\\/DIE GR\u00dcNEN\"},\"image\":{\"@id\":\"https:\\\/\\\/gruene-eichstaett.de\\\/koesching\\\/#\\\/schema\\\/logo\\\/image\\\/\"}}]}<\/script>\n<!-- \/ Yoast SEO plugin. -->","yoast_head_json":{"title":"Impressum - B\u00dcNDNIS 90\/DIE GR\u00dcNEN","robots":{"index":"index","follow":"follow","max-snippet":"max-snippet:-1","max-image-preview":"max-image-preview:large","max-video-preview":"max-video-preview:-1"},"canonical":"https:\/\/gruene-eichstaett.de\/koesching\/impressum\/","og_locale":"de_DE","og_type":"article","og_title":"Impressum - B\u00dcNDNIS 90\/DIE GR\u00dcNEN","og_description":"B\u00dcNDNIS 90\/DIE GR\u00dcNENOrtsverband K\u00f6schingRegionalgesch\u00e4ftsstelleTaschenturmstr. 485049 Ingolstadt Telefon 0841 910078E-Mail:&nbsp;info@gruene-eichstaett.de Vertretungsberechtigter Vorstand: Gisela Walter-Seth, Manfred LindnerInhaltlich Verantwortliche*r: Manfred Lindner","og_url":"https:\/\/gruene-eichstaett.de\/koesching\/impressum\/","og_site_name":"B\u00dcNDNIS 90\/DIE GR\u00dcNEN","article_modified_time":"2025-01-07T14:07:15+00:00","twitter_card":"summary_large_image","twitter_misc":{"Gesch\u00e4tzte Lesezeit":"1\u00a0Minute"},"schema":{"@context":"https:\/\/schema.org","@graph":[{"@type":"WebPage","@id":"https:\/\/gruene-eichstaett.de\/koesching\/impressum\/","url":"https:\/\/gruene-eichstaett.de\/koesching\/impressum\/","name":"Impressum - B\u00dcNDNIS 90\/DIE GR\u00dcNEN","isPartOf":{"@id":"https:\/\/gruene-eichstaett.de\/koesching\/#website"},"datePublished":"2022-02-14T15:53:25+00:00","dateModified":"2025-01-07T14:07:15+00:00","breadcrumb":{"@id":"https:\/\/gruene-eichstaett.de\/koesching\/impressum\/#breadcrumb"},"inLanguage":"de","potentialAction":[{"@type":"ReadAction","target":["https:\/\/gruene-eichstaett.de\/koesching\/impressum\/"]}]},{"@type":"BreadcrumbList","@id":"https:\/\/gruene-eichstaett.de\/koesching\/impressum\/#breadcrumb","itemListElement":[{"@type":"ListItem","position":1,"name":"Startseite","item":"https:\/\/gruene-eichstaett.de\/koesching\/"},{"@type":"ListItem","position":2,"name":"Impressum"}]},{"@type":"WebSite","@id":"https:\/\/gruene-eichstaett.de\/koesching\/#website","url":"https:\/\/gruene-eichstaett.de\/koesching\/","name":"B\u00dcNDNIS 90\/DIE GR\u00dcNEN","description":"in der Gemeinde K\u00f6sching","publisher":{"@id":"https:\/\/gruene-eichstaett.de\/koesching\/#organization"},"potentialAction":[{"@type":"SearchAction","target":{"@type":"EntryPoint","urlTemplate":"https:\/\/gruene-eichstaett.de\/koesching\/?s={search_term_string}"},"query-input":{"@type":"PropertyValueSpecification","valueRequired":true,"valueName":"search_term_string"}}],"inLanguage":"de"},{"@type":"Organization","@id":"https:\/\/gruene-eichstaett.de\/koesching\/#organization","name":"B\u00dcNDNIS 90\/DIE GR\u00dcNEN","url":"https:\/\/gruene-eichstaett.de\/koesching\/","logo":{"@type":"ImageObject","inLanguage":"de","@id":"https:\/\/gruene-eichstaett.de\/koesching\/#\/schema\/logo\/image\/","url":"http:\/\/gruene-eichstaett.de\/koesching\/wp-content\/uploads\/sites\/6\/2021\/12\/Profilbild-Sonenblume.png","contentUrl":"http:\/\/gruene-eichstaett.de\/koesching\/wp-content\/uploads\/sites\/6\/2021\/12\/Profilbild-Sonenblume.png","width":500,"height":500,"caption":"B\u00dcNDNIS 90\/DIE GR\u00dcNEN"},"image":{"@id":"https:\/\/gruene-eichstaett.de\/koesching\/#\/schema\/logo\/image\/"}}]}},"_links":{"self":[{"href":"https:\/\/gruene-eichstaett.de\/koesching\/wp-json\/wp\/v2\/pages\/58","targetHints":{"allow":["GET"]}}],"collection":[{"href":"https:\/\/gruene-eichstaett.de\/koesching\/wp-json\/wp\/v2\/pages"}],"about":[{"href":"https:\/\/gruene-eichstaett.de\/koesching\/wp-json\/wp\/v2\/types\/page"}],"author":[{"embeddable":true,"href":"https:\/\/gruene-eichstaett.de\/koesching\/wp-json\/wp\/v2\/users\/4"}],"replies":[{"embeddable":true,"href":"https:\/\/gruene-eichstaett.de\/koesching\/wp-json\/wp\/v2\/comments?post=58"}],"version-history":[{"count":4,"href":"https:\/\/gruene-eichstaett.de\/koesching\/wp-json\/wp\/v2\/pages\/58\/revisions"}],"predecessor-version":[{"id":103,"href":"https:\/\/gruene-eichstaett.de\/koesching\/wp-json\/wp\/v2\/pages\/58\/revisions\/103"}],"wp:attachment":[{"href":"https:\/\/gruene-eichstaett.de\/koesching\/wp-json\/wp\/v2\/media?parent=58"}],"curies":[{"name":"wp","href":"https:\/\/api.w.org\/{rel}","templated":true}]}}

<p><strong><em>BÜNDNIS 90</em>/DIE GRÜNEN</strong><br>Ortsverband Kösching<br>Regionalgeschäftsstelle<br>Taschenturmstr. 4<br>85049 Ingolstadt</p>



<p>Telefon 0841 910078<br>E-Mail:&nbsp;<a href="#" data-unscramble="ed.tteatshcie-eneurg@ofni">info@gruene-eichstaett.de</a></p>



<p>Vertretungsberechtigter Vorstand: Gisela Walter-Seth, Manfred Lindner<br>Inhaltlich Verantwortliche*r: Manfred Lindner</p>

<p>BÜNDNIS 90/DIE GRÜNENOrtsverband KöschingRegionalgeschäftsstelleTaschenturmstr. 485049 Ingolstadt Telefon 0841 910078E-Mail:&nbsp;info@gruene-eichstaett.de Vertretungsberechtigter Vorstand: Gisela Walter-Seth, Manfred LindnerInhaltlich Verantwortliche*r: Manfred Lindner</p>

<!-- This site is optimized with the Yoast SEO plugin v27.4 - https://yoast.com/product/yoast-seo-wordpress/ -->
<title>Impressum - BÜNDNIS 90/DIE GRÜNEN</title>
<meta name="robots" content="index, follow, max-snippet:-1, max-image-preview:large, max-video-preview:-1" />
<link rel="canonical" href="https://gruene-eichstaett.de/koesching/impressum/" />
<meta property="og:locale" content="de_DE" />
<meta property="og:type" content="article" />
<meta property="og:title" content="Impressum - BÜNDNIS 90/DIE GRÜNEN" />
<meta property="og:description" content="BÜNDNIS 90/DIE GRÜNENOrtsverband KöschingRegionalgeschäftsstelleTaschenturmstr. 485049 Ingolstadt Telefon 0841 910078E-Mail:&nbsp;info@gruene-eichstaett.de Vertretungsberechtigter Vorstand: Gisela Walter-Seth, Manfred LindnerInhaltlich Verantwortliche*r: Manfred Lindner" />
<meta property="og:url" content="https://gruene-eichstaett.de/koesching/impressum/" />
<meta property="og:site_name" content="BÜNDNIS 90/DIE GRÜNEN" />
<meta property="article:modified_time" content="2025-01-07T14:07:15+00:00" />
<meta name="twitter:card" content="summary_large_image" />
<meta name="twitter:label1" content="Geschätzte Lesezeit" />
	<meta name="twitter:data1" content="1 Minute" />
<script type="application/ld+json" class="yoast-schema-graph">{"@context":"https:\/\/schema.org","@graph":[{"@type":"WebPage","@id":"https:\/\/gruene-eichstaett.de\/koesching\/impressum\/","url":"https:\/\/gruene-eichstaett.de\/koesching\/impressum\/","name":"Impressum - BÜNDNIS 90\/DIE GRÜNEN","isPartOf":{"@id":"https:\/\/gruene-eichstaett.de\/koesching\/#website"},"datePublished":"2022-02-14T15:53:25+00:00","dateModified":"2025-01-07T14:07:15+00:00","breadcrumb":{"@id":"https:\/\/gruene-eichstaett.de\/koesching\/impressum\/#breadcrumb"},"inLanguage":"de","potentialAction":[{"@type":"ReadAction","target":["https:\/\/gruene-eichstaett.de\/koesching\/impressum\/"]}]},{"@type":"BreadcrumbList","@id":"https:\/\/gruene-eichstaett.de\/koesching\/impressum\/#breadcrumb","itemListElement":[{"@type":"ListItem","position":1,"name":"Startseite","item":"https:\/\/gruene-eichstaett.de\/koesching\/"},{"@type":"ListItem","position":2,"name":"Impressum"}]},{"@type":"WebSite","@id":"https:\/\/gruene-eichstaett.de\/koesching\/#website","url":"https:\/\/gruene-eichstaett.de\/koesching\/","name":"BÜNDNIS 90\/DIE GRÜNEN","description":"in der Gemeinde Kösching","publisher":{"@id":"https:\/\/gruene-eichstaett.de\/koesching\/#organization"},"potentialAction":[{"@type":"SearchAction","target":{"@type":"EntryPoint","urlTemplate":"https:\/\/gruene-eichstaett.de\/koesching\/?s={search_term_string}"},"query-input":{"@type":"PropertyValueSpecification","valueRequired":true,"valueName":"search_term_string"}}],"inLanguage":"de"},{"@type":"Organization","@id":"https:\/\/gruene-eichstaett.de\/koesching\/#organization","name":"BÜNDNIS 90\/DIE GRÜNEN","url":"https:\/\/gruene-eichstaett.de\/koesching\/","logo":{"@type":"ImageObject","inLanguage":"de","@id":"https:\/\/gruene-eichstaett.de\/koesching\/#\/schema\/logo\/image\/","url":"http:\/\/gruene-eichstaett.de\/koesching\/wp-content\/uploads\/sites\/6\/2021\/12\/Profilbild-Sonenblume.png","contentUrl":"http:\/\/gruene-eichstaett.de\/koesching\/wp-content\/uploads\/sites\/6\/2021\/12\/Profilbild-Sonenblume.png","width":500,"height":500,"caption":"BÜNDNIS 90\/DIE GRÜNEN"},"image":{"@id":"https:\/\/gruene-eichstaett.de\/koesching\/#\/schema\/logo\/image\/"}}]}</script>
<!-- / Yoast SEO plugin. -->

Impressum - BÜNDNIS 90/DIE GRÜNEN

BÜNDNIS 90/DIE GRÜNENOrtsverband KöschingRegionalgeschäftsstelleTaschenturmstr. 485049 Ingolstadt Telefon 0841 910078E-Mail:&nbsp;info@gruene-eichstaett.de Vertretungsberechtigter Vorstand: Gisela Walter-Seth, Manfred LindnerInhaltlich Verantwortliche*r: Manfred Lindner

BÜNDNIS 90/DIE GRÜNEN

in der Gemeinde Kösching
